{"id":3257,"date":"2022-12-29T22:12:15","date_gmt":"2022-12-29T22:12:15","guid":{"rendered":"https:\/\/analuciabermudez.com\/colombia\/?page_id=3257"},"modified":"2024-08-06T17:39:21","modified_gmt":"2024-08-06T17:39:21","slug":"bio","status":"publish","type":"page","link":"https:\/\/analuciabermudez.com\/colombia\/bio\/","title":{"rendered":"Bio"},"content":{"rendered":"\t<section class=\"section\" id=\"section_1930628547\">\n\t\t<div class=\"bg section-bg fill bg-fill  bg-loaded\" >\n\n\t\t\t\n\t\t\t\n\t\t\t\n\t<div class=\"is-border\"\n\t\tstyle=\"border-color:rgb(235, 235, 235);border-width:1px 0px 0px 0px;\">\n\t<\/div>\n\n\t\t<\/div>\n\n\t\t<div class=\"section-content relative\">\n\t\t\t\n\n<div class=\"row row-large align-middle align-center\"  id=\"row-1116155609\">\n\n\n\t<div class=\"col medium-8 small-12 large-8\"  >\n\t\t<div class=\"col-inner text-center box-shadow-2 box-shadow-5-hover\" style=\"background-color:rgb(255, 255, 255);padding:15px 15px 15px 15px;\" >\n\t\t\t\n\t\t\t\n\n\t<div class=\"img has-hover x md-x lg-x y md-y lg-y\" id=\"image_1693979927\">\n\t\t\t\t\t\t\t\t<div class=\"img-inner dark\" >\n\t\t\t<img loading=\"lazy\" decoding=\"async\" width=\"1020\" height=\"680\" src=\"https:\/\/analuciabermudez.com\/colombia\/wp-content\/uploads\/2024\/08\/DSCF8918-1-1024x683.jpg\" class=\"attachment-large size-large\" alt=\"\" srcset=\"https:\/\/analuciabermudez.com\/colombia\/wp-content\/uploads\/2024\/08\/DSCF8918-1-1024x683.jpg 1024w, https:\/\/analuciabermudez.com\/colombia\/wp-content\/uploads\/2024\/08\/DSCF8918-1-300x200.jpg 300w, https:\/\/analuciabermudez.com\/colombia\/wp-content\/uploads\/2024\/08\/DSCF8918-1-768x512.jpg 768w, https:\/\/analuciabermudez.com\/colombia\/wp-content\/uploads\/2024\/08\/DSCF8918-1-1536x1024.jpg 1536w, https:\/\/analuciabermudez.com\/colombia\/wp-content\/uploads\/2024\/08\/DSCF8918-1-2048x1365.jpg 2048w, https:\/\/analuciabermudez.com\/colombia\/wp-content\/uploads\/2024\/08\/DSCF8918-1-600x400.jpg 600w\" sizes=\"(max-width: 1020px) 100vw, 1020px\" \/>\t\t\t\t\t\t\n\t\t\t\t\t<\/div>\n\t\t\t\t\t\t\t\t\n<style scope=\"scope\">\n\n#image_1693979927 {\n  width: 66%;\n}\n<\/style>\n\t<\/div>\n\t\n\n\n\t\t<\/div>\n\t<\/div>\n\n\t\n\n\t<div class=\"col medium-6 small-12 large-6\"  >\n\t\t<div class=\"col-inner text-left\"  >\n\t\t\t\n\t\t\t\n\n<p class=\"s4\" style=\"text-align: justify;\"><span style=\"font-size: 85%;\">Ana Lucia Bermudez naci\u00f3 en Cali &#8211; Colombia, sin embargo su esencia, su camino personal y su trayectoria como artista, han hecho de ella una hija de la tierra sin fronteras en la que la humanidad y la naturaleza cohabitan en armon\u00eda, un ideal que naci\u00f3 desde temprana edad en medio de los paseos al campo al que la llevaban sus padres y a partir de los cuales se empez\u00f3 a cultivar en esa ni\u00f1a ese primer gran amor que la llev\u00f3 a su primer sue\u00f1o vocacional: ser veterinaria o dedicarse a la biolog\u00eda marina. Lo que ella a\u00fan no sab\u00eda es que, aunque las circunstancias de la vida la llevar\u00edan por otros senderos, estar\u00eda cumpliendo este sue\u00f1o pero desde otro lugar que le ten\u00eda preparado su camino como artista.<\/span><\/p>\n<p style=\"text-align: justify;\">\u00a0<\/p>\n<p class=\"s4\" style=\"text-align: center;\"><span style=\"font-size: 85%;\"><strong><span class=\"s5\">EL PRIMER AMOR NUNCA SE OLVIDA<\/span><\/strong><\/span><\/p>\n<p><a href=\"http:\/\/analuciabermudez.com\/colombia\/wp-content\/uploads\/2024\/08\/1F9BC3B3-C5DF-48EC-B3DC-BDF267D06225-794-000000D8D883DB52.jpg\"><img loading=\"lazy\" decoding=\"async\" class=\"aligncenter wp-image-4423 size-large\" src=\"http:\/\/analuciabermudez.com\/colombia\/wp-content\/uploads\/2024\/08\/1F9BC3B3-C5DF-48EC-B3DC-BDF267D06225-794-000000D8D883DB52-1024x683.jpg\" alt=\"\" width=\"1020\" height=\"680\" srcset=\"https:\/\/analuciabermudez.com\/colombia\/wp-content\/uploads\/2024\/08\/1F9BC3B3-C5DF-48EC-B3DC-BDF267D06225-794-000000D8D883DB52-1024x683.jpg 1024w, https:\/\/analuciabermudez.com\/colombia\/wp-content\/uploads\/2024\/08\/1F9BC3B3-C5DF-48EC-B3DC-BDF267D06225-794-000000D8D883DB52-300x200.jpg 300w, https:\/\/analuciabermudez.com\/colombia\/wp-content\/uploads\/2024\/08\/1F9BC3B3-C5DF-48EC-B3DC-BDF267D06225-794-000000D8D883DB52-768x512.jpg 768w, https:\/\/analuciabermudez.com\/colombia\/wp-content\/uploads\/2024\/08\/1F9BC3B3-C5DF-48EC-B3DC-BDF267D06225-794-000000D8D883DB52-1536x1024.jpg 1536w, https:\/\/analuciabermudez.com\/colombia\/wp-content\/uploads\/2024\/08\/1F9BC3B3-C5DF-48EC-B3DC-BDF267D06225-794-000000D8D883DB52-600x400.jpg 600w, https:\/\/analuciabermudez.com\/colombia\/wp-content\/uploads\/2024\/08\/1F9BC3B3-C5DF-48EC-B3DC-BDF267D06225-794-000000D8D883DB52.jpg 1776w\" sizes=\"(max-width: 1020px) 100vw, 1020px\" \/><\/a><\/p>\n<p class=\"s4\" style=\"text-align: justify;\"><span style=\"font-size: 85%;\">El arte siempre estuvo muy presente en su vida. Desde su ni\u00f1ez ya se iba formando en ella una artista que expresaba todo lo que sent\u00eda a trav\u00e9s del dibujo. Luego, en su adolescencia, empez\u00f3 a explorarse a trav\u00e9s de la ropa de su abuela. Cada visita a la casa de esta mujer a la que tanto admiraba era encontrarse un mundo de posibilidades a trav\u00e9s de sus prendas, las cuales empez\u00f3 a intervenir y adaptar para usarlas a su propio estilo. Este decisivo cap\u00edtulo de su vida fue lo que la impuls\u00f3 a estudiar dise\u00f1o de modas.<\/span><\/p>\n<p class=\"s4\" style=\"text-align: justify;\">\u00a0<\/p>\n<p class=\"s4\" style=\"text-align: justify;\"><span style=\"font-size: 85%;\">Dicen que el primer amor nunca se olvida y as\u00ed lo ha vivido Ana durante toda su carrera. En medio de su constante b\u00fasqueda de materiales, exploraci\u00f3n a partir de retazos y todas las creaciones que han ido surgiendo en este camino, el cuidado por la naturaleza, el respeto y la preservaci\u00f3n de los animales siempre han sido parte de su prop\u00f3sito, apost\u00e1ndole desde su potencial creativo a una moda m\u00e1s consciente, slow-fashion y eco-friendly.<\/span><\/p>\n<p class=\"s4\" style=\"text-align: justify;\">\u00a0<\/p>\n<p class=\"s4\" style=\"text-align: center;\"><span style=\"font-size: 85%;\"><strong><span class=\"s5\">DE CALI PARA EL MUNDO<\/span><\/strong><\/span><\/p>\n<p class=\"s4\" style=\"text-align: justify;\">\u00a0<\/p>\n<p class=\"s4\" style=\"text-align: justify;\"><span style=\"font-size: 85%;\">La creaci\u00f3n de su marca que lleva su nombre, la cual ha existido desde ese momento hasta la fecha y para la \u00fanica que ha trabajado todo este tiempo, inici\u00f3 como parte de su trabajo de grado en la universidad. Pero lo que inici\u00f3 como un proyecto peque\u00f1o desde su propia casa, gracias a la m\u00e1quina de coser que le regal\u00f3 su abuela y otra que le obsequi\u00f3 su t\u00eda Mar\u00eda, creci\u00f3 repentinamente cuando se gan\u00f3 el premio en la categor\u00eda de <span class=\"s6\">mejor nueva creadora <\/span>del concurso anual <span class=\"s6\">\u201cHilando Talentos\u201d<\/span> de la feria de moda <span class=\"s6\">Cali Exposhow 2015,<\/span> en la que present\u00f3 su colecci\u00f3n <span class=\"s6\">IMMEMORIAL <\/span>y a trav\u00e9s de la cual fue tambi\u00e9n invitada a presentarse en la <span class=\"s6\">Semana de la moda<\/span> en New York, logrando as\u00ed lanzar su marca al mundo y darse a conocer.<\/span><\/p>\n<p class=\"s4\" style=\"text-align: justify;\">\u00a0<\/p>\n<p class=\"s4\" style=\"text-align: justify;\"><span style=\"font-size: 85%;\">Luego, en el 2016, present\u00f3 en esta misma feria de moda <span class=\"s6\">PINK RIVER, <\/span>su colecci\u00f3n m\u00e1s emblem\u00e1tica que marc\u00f3 indudablemente el ADN de la marca y tambi\u00e9n la que signific\u00f3 un crecimiento repentino para el cual Ana a\u00fan no estaba preparada. Es aqu\u00ed cuando entran sus dos socias actuales, su hermana Isabel Berm\u00fadez y su t\u00eda Claudia Berm\u00fadez. De igual forma su mam\u00e1, junto a toda su familia que cre\u00edan en su talento, la apoyaron invirtiendo el capital necesario para consolidar la empresa y empezar a comercializar, exportando sus creaciones a diferentes partes del mundo<\/span><\/p>\n<p class=\"s4\" style=\"text-align: justify;\">\u00a0<\/p>\n<p class=\"s4\" style=\"text-align: center;\"><span style=\"font-size: 85%;\"><strong><span class=\"s5\">FUNDACI\u00d3N OMACHA: UNA ALIANZA POR Y PARA LA NATURALEZA<\/span><\/strong><\/span><\/p>\n<p><a href=\"http:\/\/analuciabermudez.com\/colombia\/wp-content\/uploads\/2024\/08\/B346E285-ABA1-47E7-950C-9700952A5C6B-794-000000DAE99E8129.jpg\"><img loading=\"lazy\" decoding=\"async\" class=\"alignnone size-large wp-image-4426\" src=\"http:\/\/analuciabermudez.com\/colombia\/wp-content\/uploads\/2024\/08\/B346E285-ABA1-47E7-950C-9700952A5C6B-794-000000DAE99E8129-1024x683.jpg\" alt=\"\" width=\"1020\" height=\"680\" srcset=\"https:\/\/analuciabermudez.com\/colombia\/wp-content\/uploads\/2024\/08\/B346E285-ABA1-47E7-950C-9700952A5C6B-794-000000DAE99E8129-1024x683.jpg 1024w, https:\/\/analuciabermudez.com\/colombia\/wp-content\/uploads\/2024\/08\/B346E285-ABA1-47E7-950C-9700952A5C6B-794-000000DAE99E8129-300x200.jpg 300w, https:\/\/analuciabermudez.com\/colombia\/wp-content\/uploads\/2024\/08\/B346E285-ABA1-47E7-950C-9700952A5C6B-794-000000DAE99E8129-768x512.jpg 768w, https:\/\/analuciabermudez.com\/colombia\/wp-content\/uploads\/2024\/08\/B346E285-ABA1-47E7-950C-9700952A5C6B-794-000000DAE99E8129-1536x1024.jpg 1536w, https:\/\/analuciabermudez.com\/colombia\/wp-content\/uploads\/2024\/08\/B346E285-ABA1-47E7-950C-9700952A5C6B-794-000000DAE99E8129-600x400.jpg 600w, https:\/\/analuciabermudez.com\/colombia\/wp-content\/uploads\/2024\/08\/B346E285-ABA1-47E7-950C-9700952A5C6B-794-000000DAE99E8129.jpg 1776w\" sizes=\"(max-width: 1020px) 100vw, 1020px\" \/><\/a><\/p>\n<p class=\"s4\" style=\"text-align: justify;\"><span style=\"font-size: 85%;\">En su proceso de investigaci\u00f3n para crear la colecci\u00f3n PINK RIVER, Ana conoce a la Fundaci\u00f3n Omacha, una organizaci\u00f3n que protege la naturaleza, la vida y algunas especies en v\u00eda de extinci\u00f3n como el delf\u00edn rosado, el animal que adem\u00e1s de servir de inspiraci\u00f3n en este proceso tambi\u00e9n se convirti\u00f3 en insignia para la marca ALB. Y fue tanta la admiraci\u00f3n que Ana sinti\u00f3 por la fundaci\u00f3n que a trav\u00e9s de sus contribuciones, tanto econ\u00f3micas como en prendas para que sus profesionales usaran en sus expediciones, se empez\u00f3 a tejer una alianza para juntos crear el cambio que quieren ver en el mundo.<\/span><\/p>\n<p class=\"s4\" style=\"text-align: justify;\">\u00a0<\/p>\n<p class=\"s4\" style=\"text-align: justify;\"><span style=\"font-size: 85%;\">Para el a\u00f1o 2024 Fernando Trujillo, el director de la Fundaci\u00f3n Omacha, se gana el reconocimiento como \u201c<span class=\"s6\">el explorador del a\u00f1o\u201d <\/span>por parte de National Geographic, por lo cual tambi\u00e9n se di\u00f3 a conocer la marca ALB y Ana fue contactada por esta gran organizaci\u00f3n, que desde ni\u00f1a admir\u00f3, para crear tambi\u00e9n las prendas de todos esos h\u00e9roes que trabajan por y para la naturaleza. Este momento no solo ha sido cumplir el sue\u00f1o de su ni\u00f1a interior, sino que tambi\u00e9n ha significado para ella un motivo de gran orgullo, tanto en su recorrido como mujer y como artista que siempre ha buscado estar inmersa en la naturaleza.<\/span><\/p>\n<p>\u00a0<\/p>\n<p style=\"text-align: center;\"><strong><span style=\"font-size: 85%;\">UNA FAMILIA DE ALMAS CREATIVAS<\/span><\/strong><\/p>\n<p>\u00a0<\/p>\n<p class=\"s4\" style=\"text-align: justify;\"><span style=\"font-size: 85%;\">Al igual que la naturaleza, Ana sabe que la mujer est\u00e1 sujeta al cambio din\u00e1mico y la transformaci\u00f3n es una constante en esa b\u00fasqueda de una identidad m\u00e1s consciente y alineada a nuestro prop\u00f3sito. Por supuesto que esto no solo la ha atravesado a nivel personal, sino tambi\u00e9n como artista, vi\u00e9ndose reflejado en sus colecciones.<\/span><\/p>\n<p class=\"s4\" style=\"text-align: justify;\">\u00a0<\/p>\n<p class=\"s4\" style=\"text-align: justify;\"><span style=\"font-size: 85%;\">Como para la mayor\u00eda de empresas, la llegada de la pandemia represent\u00f3 tambi\u00e9n un golpe fuerte a nivel financiero para la suya y es en ese momento que decide mudarse con su pareja a New York, la ciudad que adem\u00e1s de seguir impulsando su marca d\u00e1ndole una imagen m\u00e1s internacional, tambi\u00e9n la rodear\u00eda de una nueva familia de artistas y almas creativas con las que seguir\u00eda haciendo sinergia a lo largo de estos a\u00f1os, participando en vestuario para cantantes, fotos para editoriales y un sinf\u00edn de proyectos.<\/span><\/p>\n<p>\u00a0<\/p>\n<p style=\"text-align: center;\"><span style=\"font-size: 85%;\"><strong><span class=\"s5\">VOLVIENDO AL ORIGEN Y VIVIENDO SU SUE\u00d1O<\/span><\/strong><\/span><\/p>\n<p><a href=\"http:\/\/analuciabermudez.com\/colombia\/wp-content\/uploads\/2024\/08\/E71B77F9-A04F-466E-B6A2-86D806595012-794-000000DB9894C396.jpg\"><img loading=\"lazy\" decoding=\"async\" class=\"alignnone wp-image-4425 size-large\" src=\"http:\/\/analuciabermudez.com\/colombia\/wp-content\/uploads\/2024\/08\/E71B77F9-A04F-466E-B6A2-86D806595012-794-000000DB9894C396-1024x683.jpg\" alt=\"\" width=\"1020\" height=\"680\" srcset=\"https:\/\/analuciabermudez.com\/colombia\/wp-content\/uploads\/2024\/08\/E71B77F9-A04F-466E-B6A2-86D806595012-794-000000DB9894C396-1024x683.jpg 1024w, https:\/\/analuciabermudez.com\/colombia\/wp-content\/uploads\/2024\/08\/E71B77F9-A04F-466E-B6A2-86D806595012-794-000000DB9894C396-300x200.jpg 300w, https:\/\/analuciabermudez.com\/colombia\/wp-content\/uploads\/2024\/08\/E71B77F9-A04F-466E-B6A2-86D806595012-794-000000DB9894C396-768x512.jpg 768w, https:\/\/analuciabermudez.com\/colombia\/wp-content\/uploads\/2024\/08\/E71B77F9-A04F-466E-B6A2-86D806595012-794-000000DB9894C396-1536x1024.jpg 1536w, https:\/\/analuciabermudez.com\/colombia\/wp-content\/uploads\/2024\/08\/E71B77F9-A04F-466E-B6A2-86D806595012-794-000000DB9894C396-600x400.jpg 600w, https:\/\/analuciabermudez.com\/colombia\/wp-content\/uploads\/2024\/08\/E71B77F9-A04F-466E-B6A2-86D806595012-794-000000DB9894C396.jpg 1776w\" sizes=\"(max-width: 1020px) 100vw, 1020px\" \/><\/a><\/p>\n<p class=\"s4\">\u00a0<\/p>\n<p class=\"s4\" style=\"text-align: justify;\"><span style=\"font-size: 85%;\">Luego, a pesar de disfrutar la vida de mujer citadina, nuevamente esa b\u00fasqueda hacia una vida m\u00e1s conectada con la naturaleza y con ella misma la llev\u00f3 a mudarse en medio del bosque en Upstate NY. Sin embargo, viviendo en este lugar, se di\u00f3 cuenta de que nada de lo que hab\u00eda dise\u00f1ado hasta el momento pod\u00eda ser usado en este lugar, ya que ella se hab\u00eda enfocado especialmente en crear prendas para la ciudad, precisamente porque hasta ese momento siempre hab\u00eda sido una mujer citadina que, aunque inspirada en la naturaleza, a\u00fan no estaba conectada con la experiencia de vivir en ella. Y es aqu\u00ed cuando empieza a crear ropa para <span class=\"s6\">outdoors activities<\/span> y lanza su colecci\u00f3n TARAPOTO.<\/span><\/p>\n<p class=\"s4\" style=\"text-align: justify;\">\u00a0<\/p>\n<p class=\"s4\" style=\"text-align: justify;\"><span style=\"font-size: 85%;\">Desde ese momento Ana sigue sacando ropa para ahora s\u00ed convertirse en esa exploradora de la naturaleza que esa ni\u00f1a siempre quiso ser. Luce con orgullo sus propias prendas en cada una de las actividades que realiza en su nuevo hogar, como kayak, hiking, caminatas en el bosque, nadar en el lago, ir al r\u00edo o cosechar los frutos de \u00e1rboles silvestres. \u201cY aqu\u00ed la vida me tiene y esto es a lo que me quiero dedicar de ahora en adelante en mis colecciones. Me seguir\u00e9 inspirando en esa conexi\u00f3n con la naturaleza, como tambi\u00e9n en esa mujer que siempre quise ser, la cual busqu\u00e9 y siempre estuvo ah\u00ed en mi interior\u201d comenta Ana con la certeza y tranquilidad de quien ya ha encontrado su lugar en el mundo.<\/span><\/p>\n\n\t\t<\/div>\n\t<\/div>\n\n\t\n\n\n<style scope=\"scope\">\n\n<\/style>\n<\/div>\n\n\t\t<\/div>\n\n\t\t\n<style scope=\"scope\">\n\n#section_1930628547 {\n  padding-top: 59px;\n  padding-bottom: 59px;\n  min-height: 300px;\n}\n<\/style>\n\t<\/section>\n\t","protected":false},"excerpt":{"rendered":"","protected":false},"author":1,"featured_media":0,"parent":0,"menu_order":0,"comment_status":"closed","ping_status":"closed","template":"","meta":{"footnotes":""},"class_list":["post-3257","page","type-page","status-publish","hentry"],"_links":{"self":[{"href":"https:\/\/analuciabermudez.com\/colombia\/wp-json\/wp\/v2\/pages\/3257"}],"collection":[{"href":"https:\/\/analuciabermudez.com\/colombia\/wp-json\/wp\/v2\/pages"}],"about":[{"href":"https:\/\/analuciabermudez.com\/colombia\/wp-json\/wp\/v2\/types\/page"}],"author":[{"embeddable":true,"href":"https:\/\/analuciabermudez.com\/colombia\/wp-json\/wp\/v2\/users\/1"}],"replies":[{"embeddable":true,"href":"https:\/\/analuciabermudez.com\/colombia\/wp-json\/wp\/v2\/comments?post=3257"}],"version-history":[{"count":12,"href":"https:\/\/analuciabermudez.com\/colombia\/wp-json\/wp\/v2\/pages\/3257\/revisions"}],"predecessor-version":[{"id":4430,"href":"https:\/\/analuciabermudez.com\/colombia\/wp-json\/wp\/v2\/pages\/3257\/revisions\/4430"}],"wp:attachment":[{"href":"https:\/\/analuciabermudez.com\/colombia\/wp-json\/wp\/v2\/media?parent=3257"}],"curies":[{"name":"wp","href":"https:\/\/api.w.org\/{rel}","templated":true}]}}