{"id":3919,"date":"2023-08-31T20:32:48","date_gmt":"2023-08-31T20:32:48","guid":{"rendered":"https:\/\/analuciabermudez.com\/colombia\/?page_id=3919"},"modified":"2024-08-03T18:22:32","modified_gmt":"2024-08-03T18:22:32","slug":"fundacion-omacha","status":"publish","type":"page","link":"https:\/\/analuciabermudez.com\/colombia\/fundacion-omacha\/","title":{"rendered":"Fundaci\u00f3n Omacha"},"content":{"rendered":"\t<div id=\"gap-1882619622\" class=\"gap-element clearfix\" style=\"display:block; height:auto;\">\n\t\t\n<style scope=\"scope\">\n\n#gap-1882619622 {\n  padding-top: 40px;\n}\n<\/style>\n\t<\/div>\n\t\n<div class=\"row row-full-width align-equal align-center\"  id=\"row-907083552\">\n\n\t<div class=\"col small-12 large-12\"  >\n\t\t<div class=\"col-inner text-center\"  >\n\t\t\t\n\t\t\t\n<div class=\"container section-title-container\" ><h3 class=\"section-title section-title-center\"><b><\/b><span class=\"section-title-main\" >ALIADOS<\/span><b><\/b><\/h3><\/div>\n\t<div class=\"img has-hover x md-x lg-x y md-y lg-y\" id=\"image_752493748\">\n\t\t\t\t\t\t\t\t<div class=\"img-inner dark\" >\n\t\t\t<img loading=\"lazy\" decoding=\"async\" width=\"496\" height=\"736\" src=\"https:\/\/analuciabermudez.com\/colombia\/wp-content\/uploads\/2023\/08\/delfin-rosado-amazonas.jpg\" class=\"attachment-large size-large\" alt=\"\" srcset=\"https:\/\/analuciabermudez.com\/colombia\/wp-content\/uploads\/2023\/08\/delfin-rosado-amazonas.jpg 496w, https:\/\/analuciabermudez.com\/colombia\/wp-content\/uploads\/2023\/08\/delfin-rosado-amazonas-202x300.jpg 202w, https:\/\/analuciabermudez.com\/colombia\/wp-content\/uploads\/2023\/08\/delfin-rosado-amazonas-300x445.jpg 300w\" sizes=\"(max-width: 496px) 100vw, 496px\" \/>\t\t\t\t\t\t\n\t\t\t\t\t<\/div>\n\t\t\t\t\t\t\t\t\n<style scope=\"scope\">\n\n#image_752493748 {\n  width: 10%;\n}\n<\/style>\n\t<\/div>\n\t\n\t\t<\/div>\n\t<\/div>\n\n\t\n\n<style scope=\"scope\">\n\n<\/style>\n<\/div>\n<div class=\"row\"  id=\"row-335203306\">\n\n\t<div class=\"col small-12 large-12\"  >\n\t\t<div class=\"col-inner\"  >\n\t\t\t\n\t\t\t\n<p style=\"text-align: center;\"><span style=\"font-size: 85%;\">Actualmente ALB ha iniciado acciones para demostrar su compromiso social y ambiental, ha venido apoyando a la fundaci\u00f3n Omacha \u00a0la cual apoya el cuidado del delf\u00edn rosado, una especie en v\u00eda de extinci\u00f3n. Por otra parte, a nivel social, desde el inicio se ha comprometido a trav\u00e9s del comercio justo y el apoyo a diferentes madres cabezas de hogar, como tambi\u00e9n mujeres pertenecientes a diversas comunidades ind\u00edgenas colombianas.<\/span><\/p>\n\t\t<\/div>\n\t<\/div>\n\n\t\n<\/div>\n<div class=\"row row-large align-middle align-center\"  id=\"row-693420745\">\n\n\t<div class=\"col medium-3 small-17 large-3\"  >\n\t\t<div class=\"col-inner text-center\"  >\n\t\t\t\n\t\t\t\n\t<div class=\"img has-hover x md-x lg-x y md-y lg-y\" id=\"image_1132201455\">\n\t\t\t\t\t\t<div data-animate=\"fadeInLeft\">\t\t<div class=\"img-inner dark\" style=\"margin:10px 10px 10px 10px;\">\n\t\t\t<img loading=\"lazy\" decoding=\"async\" width=\"701\" height=\"1024\" src=\"https:\/\/analuciabermudez.com\/colombia\/wp-content\/uploads\/2023\/08\/delfin-rosado-701x1024.jpg\" class=\"attachment-large size-large\" alt=\"\" srcset=\"https:\/\/analuciabermudez.com\/colombia\/wp-content\/uploads\/2023\/08\/delfin-rosado-701x1024.jpg 701w, https:\/\/analuciabermudez.com\/colombia\/wp-content\/uploads\/2023\/08\/delfin-rosado-205x300.jpg 205w, https:\/\/analuciabermudez.com\/colombia\/wp-content\/uploads\/2023\/08\/delfin-rosado-768x1122.jpg 768w, https:\/\/analuciabermudez.com\/colombia\/wp-content\/uploads\/2023\/08\/delfin-rosado-1052x1536.jpg 1052w, https:\/\/analuciabermudez.com\/colombia\/wp-content\/uploads\/2023\/08\/delfin-rosado-1402x2048.jpg 1402w, https:\/\/analuciabermudez.com\/colombia\/wp-content\/uploads\/2023\/08\/delfin-rosado-300x438.jpg 300w, https:\/\/analuciabermudez.com\/colombia\/wp-content\/uploads\/2023\/08\/delfin-rosado-600x876.jpg 600w, https:\/\/analuciabermudez.com\/colombia\/wp-content\/uploads\/2023\/08\/delfin-rosado-scaled.jpg 1753w\" sizes=\"(max-width: 701px) 100vw, 701px\" \/>\t\t\t\t\t\t\n\t\t\t\t\t<\/div>\n\t\t<\/div>\t\t\t\t\t\t\n<style scope=\"scope\">\n\n#image_1132201455 {\n  width: 60%;\n}\n\n\n@media (min-width:550px) {\n\n  #image_1132201455 {\n    width: 85%;\n  }\n\n}\n<\/style>\n\t<\/div>\n\t\n\t\t<\/div>\n\t<\/div>\n\n\t\n\n\t<div class=\"col medium-4 small-12 large-4\"  >\n\t\t<div class=\"col-inner text-center\"  >\n\t\t\t\n\t\t\t\n\t<div class=\"img has-hover x md-x lg-x y md-y lg-y\" id=\"image_1098390378\">\n\t\t\t\t\t\t\t\t<div class=\"img-inner dark\" style=\"margin:10px 10px 10px 10px;\">\n\t\t\t<img loading=\"lazy\" decoding=\"async\" width=\"1020\" height=\"640\" src=\"https:\/\/analuciabermudez.com\/colombia\/wp-content\/uploads\/2023\/08\/delfin-rosado-fundacion-omacha-1024x643.jpg\" class=\"attachment-large size-large\" alt=\"\" srcset=\"https:\/\/analuciabermudez.com\/colombia\/wp-content\/uploads\/2023\/08\/delfin-rosado-fundacion-omacha-1024x643.jpg 1024w, https:\/\/analuciabermudez.com\/colombia\/wp-content\/uploads\/2023\/08\/delfin-rosado-fundacion-omacha-300x188.jpg 300w, https:\/\/analuciabermudez.com\/colombia\/wp-content\/uploads\/2023\/08\/delfin-rosado-fundacion-omacha-768x482.jpg 768w, https:\/\/analuciabermudez.com\/colombia\/wp-content\/uploads\/2023\/08\/delfin-rosado-fundacion-omacha-1536x964.jpg 1536w, https:\/\/analuciabermudez.com\/colombia\/wp-content\/uploads\/2023\/08\/delfin-rosado-fundacion-omacha-600x377.jpg 600w, https:\/\/analuciabermudez.com\/colombia\/wp-content\/uploads\/2023\/08\/delfin-rosado-fundacion-omacha.jpg 1912w\" sizes=\"(max-width: 1020px) 100vw, 1020px\" \/>\t\t\t\t\t\t\n\t\t\t\t\t<\/div>\n\t\t\t\t\t\t\t\t\n<style scope=\"scope\">\n\n#image_1098390378 {\n  width: 89%;\n}\n\n\n@media (min-width:550px) {\n\n  #image_1098390378 {\n    width: 85%;\n  }\n\n}\n<\/style>\n\t<\/div>\n\t\n\t\t<\/div>\n\t<\/div>\n\n\t\n\n\t<div class=\"col medium-3 small-17 large-3\"  >\n\t\t<div class=\"col-inner text-center\"  >\n\t\t\t\n\t\t\t\n\t<div class=\"img has-hover x md-x lg-x y md-y lg-y\" id=\"image_2031178195\">\n\t\t\t\t\t\t<div data-animate=\"fadeInRight\">\t\t<div class=\"img-inner dark\" style=\"margin:10px 10px 10px 10px;\">\n\t\t\t<img loading=\"lazy\" decoding=\"async\" width=\"708\" height=\"1024\" src=\"https:\/\/analuciabermudez.com\/colombia\/wp-content\/uploads\/2023\/08\/delfin-rosado-colombia-708x1024.jpg\" class=\"attachment-large size-large\" alt=\"\" srcset=\"https:\/\/analuciabermudez.com\/colombia\/wp-content\/uploads\/2023\/08\/delfin-rosado-colombia-708x1024.jpg 708w, https:\/\/analuciabermudez.com\/colombia\/wp-content\/uploads\/2023\/08\/delfin-rosado-colombia-207x300.jpg 207w, https:\/\/analuciabermudez.com\/colombia\/wp-content\/uploads\/2023\/08\/delfin-rosado-colombia-768x1111.jpg 768w, https:\/\/analuciabermudez.com\/colombia\/wp-content\/uploads\/2023\/08\/delfin-rosado-colombia-1061x1536.jpg 1061w, https:\/\/analuciabermudez.com\/colombia\/wp-content\/uploads\/2023\/08\/delfin-rosado-colombia-1415x2048.jpg 1415w, https:\/\/analuciabermudez.com\/colombia\/wp-content\/uploads\/2023\/08\/delfin-rosado-colombia-300x434.jpg 300w, https:\/\/analuciabermudez.com\/colombia\/wp-content\/uploads\/2023\/08\/delfin-rosado-colombia-600x868.jpg 600w, https:\/\/analuciabermudez.com\/colombia\/wp-content\/uploads\/2023\/08\/delfin-rosado-colombia-scaled.jpg 1769w\" sizes=\"(max-width: 708px) 100vw, 708px\" \/>\t\t\t\t\t\t\n\t\t\t\t\t<\/div>\n\t\t<\/div>\t\t\t\t\t\t\n<style scope=\"scope\">\n\n#image_2031178195 {\n  width: 60%;\n}\n\n\n@media (min-width:550px) {\n\n  #image_2031178195 {\n    width: 85%;\n  }\n\n}\n<\/style>\n\t<\/div>\n\t\n\t\t<\/div>\n\t<\/div>\n\n\t\n\n<style scope=\"scope\">\n\n<\/style>\n<\/div>\n<div class=\"row row-collapse row-full-width align-middle align-center\"  id=\"row-1973780805\">\n\n\t<div class=\"col small-14 large-12\"  >\n\t\t<div class=\"col-inner text-center\"  >\n\t\t\t\n\t\t\t\n\t<div class=\"img has-hover x md-x lg-x y md-y lg-y\" id=\"image_2040013671\">\n\t\t\t\t\t\t\t\t<div class=\"img-inner dark\" style=\"margin:10px 10px 10px 10px;\">\n\t\t\t<img loading=\"lazy\" decoding=\"async\" width=\"800\" height=\"823\" src=\"https:\/\/analuciabermudez.com\/colombia\/wp-content\/uploads\/2023\/08\/fundacion-Omacha.jpg\" class=\"attachment-large size-large\" alt=\"\" srcset=\"https:\/\/analuciabermudez.com\/colombia\/wp-content\/uploads\/2023\/08\/fundacion-Omacha.jpg 800w, https:\/\/analuciabermudez.com\/colombia\/wp-content\/uploads\/2023\/08\/fundacion-Omacha-292x300.jpg 292w, https:\/\/analuciabermudez.com\/colombia\/wp-content\/uploads\/2023\/08\/fundacion-Omacha-768x790.jpg 768w, https:\/\/analuciabermudez.com\/colombia\/wp-content\/uploads\/2023\/08\/fundacion-Omacha-300x309.jpg 300w, https:\/\/analuciabermudez.com\/colombia\/wp-content\/uploads\/2023\/08\/fundacion-Omacha-600x617.jpg 600w\" sizes=\"(max-width: 800px) 100vw, 800px\" \/>\t\t\t\t\t\t\n\t\t\t\t\t<\/div>\n\t\t\t\t\t\t\t\t\n<style scope=\"scope\">\n\n#image_2040013671 {\n  width: 30%;\n}\n\n\n@media (min-width:550px) {\n\n  #image_2040013671 {\n    width: 13%;\n  }\n\n}\n<\/style>\n\t<\/div>\n\t\n<p><span style=\"font-size: 80%;\"><strong>Fundaci\u00f3n Omacha<\/strong>\u00a0 <\/span><br \/>\n<span style=\"font-size: 80%;\"><strong>Cr\u00e9ditos fotos:<\/strong> Director, Fernando Trujillo &#8211; Mar\u00eda <\/span><span style=\"font-size: 80%;\">Jimena Valderrama<\/span><\/p>\n<p><span style=\"font-size: 80%;\"><strong>S\u00edguenos en Instagram: @fundacionomacha <\/strong><\/span><br \/>\n<span style=\"font-size: 80%;\"><strong>Nuestro sitio web: www.omacha.org<\/strong><\/span><\/p>\n\t\t<\/div>\n\t<\/div>\n\n\t\n\n<style scope=\"scope\">\n\n<\/style>\n<\/div>\n\t<div id=\"gap-839104714\" class=\"gap-element clearfix\" style=\"display:block; height:auto;\">\n\t\t\n<style scope=\"scope\">\n\n#gap-839104714 {\n  padding-top: 40px;\n}\n<\/style>\n\t<\/div>\n\t\n","protected":false},"excerpt":{"rendered":"","protected":false},"author":1,"featured_media":0,"parent":0,"menu_order":0,"comment_status":"closed","ping_status":"closed","template":"page-blank.php","meta":{"footnotes":""},"class_list":["post-3919","page","type-page","status-publish","hentry"],"_links":{"self":[{"href":"https:\/\/analuciabermudez.com\/colombia\/wp-json\/wp\/v2\/pages\/3919"}],"collection":[{"href":"https:\/\/analuciabermudez.com\/colombia\/wp-json\/wp\/v2\/pages"}],"about":[{"href":"https:\/\/analuciabermudez.com\/colombia\/wp-json\/wp\/v2\/types\/page"}],"author":[{"embeddable":true,"href":"https:\/\/analuciabermudez.com\/colombia\/wp-json\/wp\/v2\/users\/1"}],"replies":[{"embeddable":true,"href":"https:\/\/analuciabermudez.com\/colombia\/wp-json\/wp\/v2\/comments?post=3919"}],"version-history":[{"count":60,"href":"https:\/\/analuciabermudez.com\/colombia\/wp-json\/wp\/v2\/pages\/3919\/revisions"}],"predecessor-version":[{"id":4403,"href":"https:\/\/analuciabermudez.com\/colombia\/wp-json\/wp\/v2\/pages\/3919\/revisions\/4403"}],"wp:attachment":[{"href":"https:\/\/analuciabermudez.com\/colombia\/wp-json\/wp\/v2\/media?parent=3919"}],"curies":[{"name":"wp","href":"https:\/\/api.w.org\/{rel}","templated":true}]}}