{"id":4404,"date":"2024-07-18T22:35:07","date_gmt":"2024-07-18T22:35:07","guid":{"rendered":"https:\/\/analuciabermudez.com\/colombia\/?page_id=4404"},"modified":"2024-07-18T22:52:11","modified_gmt":"2024-07-18T22:52:11","slug":"proposito","status":"publish","type":"page","link":"https:\/\/analuciabermudez.com\/colombia\/proposito\/","title":{"rendered":"PROP\u00d3SITO"},"content":{"rendered":"<p><a href=\"http:\/\/analuciabermudez.com\/colombia\/wp-content\/uploads\/2023\/08\/delfin-rosado-amazonas.jpg\"><img loading=\"lazy\" decoding=\"async\" class=\"wp-image-3929 aligncenter\" src=\"http:\/\/analuciabermudez.com\/colombia\/wp-content\/uploads\/2023\/08\/delfin-rosado-amazonas-202x300.jpg\" alt=\"\" width=\"99\" height=\"147\" srcset=\"https:\/\/analuciabermudez.com\/colombia\/wp-content\/uploads\/2023\/08\/delfin-rosado-amazonas-202x300.jpg 202w, https:\/\/analuciabermudez.com\/colombia\/wp-content\/uploads\/2023\/08\/delfin-rosado-amazonas-300x445.jpg 300w, https:\/\/analuciabermudez.com\/colombia\/wp-content\/uploads\/2023\/08\/delfin-rosado-amazonas.jpg 496w\" sizes=\"(max-width: 99px) 100vw, 99px\" \/><\/a><\/p>\n<p style=\"text-align: center;\"><strong><span style=\"font-size: 85%;\">Nuestro Prop\u00f3sito:<\/span><\/strong><\/p>\n<p style=\"text-align: center;\"><span style=\"font-size: 85%;\">Reconectar con nosotros mismos y nuestro entorno a trav\u00e9s de la moda consciente que honra el poder de la naturaleza, mientras protege su vulnerabilidad al crear prendas slow-fashion de alta calidad que resistir\u00e1n el paso del tiempo.<\/span><\/p>\n<p style=\"text-align: center;\"><strong><span style=\"font-size: 85%;\">Misi\u00f3n ALB:<\/span><\/strong><\/p>\n<p style=\"text-align: center;\"><span style=\"font-size: 85%;\">Le apostamos a ser una marca slow-fashion, creando prendas de alta calidad y durabilidad en el tiempo, mientras trabajamos de la mano con otras marcas comprometidas por el cuidado y conservaci\u00f3n del planeta, creando la sinerg\u00eda necesaria para acercarnos a un futuro donde la moda tambi\u00e9n sea un testimonio de respeto y armon\u00eda con la Tierra.<\/span><\/p>\n<p style=\"text-align: center;\"><strong><span style=\"font-size: 85%;\">Visi\u00f3n ALB:<\/span><\/strong><\/p>\n<p style=\"text-align: center;\"><span style=\"font-size: 85%;\">Trascender el mundo de la moda actual, inspirando a innumerables almas hacia el uso de prendas de alta calidad y de larga vida que reduzcan el impacto ambiental, revolucionando la industria hacia un futuro m\u00e1s sostenible y consciente.<\/span><\/p>\n<p>\u00a0<\/p>\n","protected":false},"excerpt":{"rendered":"<p>Nuestro Prop\u00f3sito: Reconectar con nosotros mismos y nuestro entorno a trav\u00e9s de la moda consciente que honra el poder de la naturaleza, mientras protege su vulnerabilidad al crear prendas slow-fashion de alta calidad que resistir\u00e1n el paso del tiempo. Misi\u00f3n ALB: Le apostamos a ser una marca slow-fashion, creando prendas de alta calidad y durabilidad [&#8230;]\n","protected":false},"author":1,"featured_media":0,"parent":0,"menu_order":0,"comment_status":"closed","ping_status":"closed","template":"page-blank.php","meta":{"footnotes":""},"class_list":["post-4404","page","type-page","status-publish","hentry"],"_links":{"self":[{"href":"https:\/\/analuciabermudez.com\/colombia\/wp-json\/wp\/v2\/pages\/4404"}],"collection":[{"href":"https:\/\/analuciabermudez.com\/colombia\/wp-json\/wp\/v2\/pages"}],"about":[{"href":"https:\/\/analuciabermudez.com\/colombia\/wp-json\/wp\/v2\/types\/page"}],"author":[{"embeddable":true,"href":"https:\/\/analuciabermudez.com\/colombia\/wp-json\/wp\/v2\/users\/1"}],"replies":[{"embeddable":true,"href":"https:\/\/analuciabermudez.com\/colombia\/wp-json\/wp\/v2\/comments?post=4404"}],"version-history":[{"count":3,"href":"https:\/\/analuciabermudez.com\/colombia\/wp-json\/wp\/v2\/pages\/4404\/revisions"}],"predecessor-version":[{"id":4408,"href":"https:\/\/analuciabermudez.com\/colombia\/wp-json\/wp\/v2\/pages\/4404\/revisions\/4408"}],"wp:attachment":[{"href":"https:\/\/analuciabermudez.com\/colombia\/wp-json\/wp\/v2\/media?parent=4404"}],"curies":[{"name":"wp","href":"https:\/\/api.w.org\/{rel}","templated":true}]}}